osite?
False
Is 37451 prime?
False
Is 12059 composite?
True
Is 901309 a composite number?
False
Is 13522 composite?
True
Is 1607731 a prime number?
False
Is 2418055 composite?
True
Is 140419 composite?
False
Is 30103 composite?
False
Is 33691 composite?
True
Is 1757347 a prime number?
True
Is 11741 a composite number?
True
Is 415235 a prime number?
False
Is 4091 a prime number?
True
Is 62173 a prime number?
False
Is 30829 a prime number?
True
Is 15593 composite?
True
Is 2921 prime?
False
Is 17257 prime?
True
Is 81797 prime?
False
Is 113961 a composite number?
True
Is 7045 a prime number?
False
Is 145577 a prime number?
True
Is 727891 a prime number?
True
Is 9931 prime?
True
Is 21101 prime?
True
Is 4919 a prime number?
True
Is 2267483 a composite number?
False
Is 419 a composite number?
False
Is 308185 a prime number?
False
Is 2715319 a composite number?
True
Is 5471 a composite number?
False
Is 22559 composite?
True
Is 1250663 composite?
True
Is 2479 prime?
False
Is 53471 a prime number?
False
Is 11213 a prime number?
True
Is 20523 a composite number?
True
Is 30359 a prime number?
False
Is 21797 composite?
True
Is 1561049 composite?
True
Is 1641 a composite number?
True
Is 52147 a prime number?
True
Is 128077 prime?
False
Is 117571 prime?
True
Is 67453 a prime number?
True
Is 166219 a prime number?
True
Is 364631 a prime number?
False
Is 114347 prime?
False
Is 389761 prime?
True
Is 8507 prime?
False
Is 95657 composite?
True
Is 39747 prime?
False
Is 11017 a prime number?
False
Is 550499 composite?
True
Is 23461 a composite number?
True
Is 19157 a prime number?
True
Is 2623 composite?
True
Is 47065 a prime number?
False
Is 69457 composite?
False
Is 22433 a prime number?
True
Is 21703 prime?
False
Is 250963 a prime number?
True
Is 19689 prime?
False
Is 3403 composite?
True
Is 20771 a composite number?
False
Is 542683 a prime number?
True
Is 30215 composite?
True
Is 144323 a prime number?
True
Is 774217 a prime number?
True
Is 846829 a composite number?
True
Is 974003 a composite number?
False
Is 21149 composite?
False
Is 80141 a prime number?
True
Is 156887 composite?
False
Is 12659 a composite number?
False
Is 57131 composite?
False
Is 17723 prime?
False
Is 327127 a prime number?
True
Is 4169 a prime number?
False
Is 143669 composite?
False
Is 643639 a prime number?
True
Is 26669 prime?
True
Is 8131 composite?
True
Is 84629 prime?
True
Is 311533 a prime number?
True
Is 5363 a composite number?
True
Is 25539 a composite number?
True
Is 13463 composite?
False
Is 6197 composite?
False
Is 6067 a prime number?
True
Is 308291 a prime number?
True
Is 94151 prime?
True
Is 1509 a prime number?
False
Is 12227 composite?
False
Is 4338959 a composite number?
False
Is 3039 prime?
False
Is 514933 prime?
True
Is 7613 a prime number?
False
Is 61519 a prime number?
True
Is 28139 a composite number?
True
Is 131117 prime?
False
Is 537739 composite?
False
Is 18691 a composite number?
False
Is 22297 a composite number?
True
Is 137623 composite?
False
Is 237529 prime?
False
Is 30769 a prime number?
False
Is 11967 prime?
False
Is 35491 a composite number?
False
Is 978979 a composite number?
True
Is 3747 prime?
False
Is 148801 a prime number?
False
Is 7747 composite?
True
Is 1711 prime?
False
Is 54337 prime?
False
Is 360767 prime?
False
Is 22531 a prime number?
True
Is 297809 a prime number?
True
Is 251 composite?
False
Is 142151 a prime number?
True
Is 483841 a composite number?
True
Is 2203 a prime number?
True
Is 3545 a prime number?
False
Is 28909 composite?
False
Is 1728919 a composite number?
True
Is 21779 composite?
True
Is 3476683 composite?
True
Is 51217 prime?
True
Is 107441 a composite number?
False
Is 149323 a composite number?
False
Is 1018202 composite?
True
Is 593029 a prime number?
True
Is 17401 prime?
True
Is 793669 a prime number?
True
Is 29101 prime?
True
Is 822517 prime?
True
Is 1067 a prime number?
False
Is 15547 composite?
True
Is 41045 a prime number?
False
Is 36041 a composite number?
True
Is 1499 prime?
True
Is 7621 prime?
True
Is 485263 a composite number?
False
Is 56701 composite?
False
Is 67741 composite?
False
Is 146919 a prime number?
False
Is 3287 prime?
False
Is 30833 a composite number?
True
Is 107441 a composite number?
False
Is 4106 prime?
False
Is 101219 composite?
True
Is 15335 a composite number?
True
Is 13891 a prime number?
False
Is 15299 a prime number?
True
Is 278999 a prime number?
False
Is 5261 a prime number?
True
Is 1892357 composite?
False
Is 6948437 prime?
True
Is 54073 a prime number?
False
Is 125702 a prime number?
False
Is 9527 prime?
False
Is 43607 prime?
True
Is 936197 a prime number?
True
Is 680413 a composite number?
True
Is 192161 prime?
True
Is 5722 prime?
False
Is 135017 composite?
False
Is 23249 a composite number?
True
Is 4049 composite?
False
Is 9193 a composite number?
True
Is 20123 composite?
False
Is 310238 prime?
False
Is 143917 a composite number?
True
Is 7969 a composite number?
True
Is 1221317 composite?
True
Is 23719 prime?
True
Is 260969 prime?
True
Is 221803 a composite number?
True
Is 2040567 a composite number?
True
Is 362509 a composite number?
True
Is 161 a prime number?
False
Is 11953 a prime number?
True
Is 571057 prime?
False
Is 954599 a composite number?
False
Is 332869 prime?
False
Is 165037 composite?
False
Is 9953 a composite number?
True
Is 622691 prime?
False
Is 15161 composite?
False
Is 58549 a composite number?
False
Is 57521 prime?
False
Is 479 a prime number?
True
Is 38261 a prime number?
True
Is 310061 a prime number?
False
Is 5839 composite?
False
Is 24721 prime?
False
Is 121018 a composite number?
True
Is 252397 a prime number?
False
Is 11729 composite?
True
Is 484359 prime?
False
Is 91193 a prime number?
True
Is 356123 composite?
False
Is 715885 a composite number?
True
Is 14089 composite?
True
Is 2515727 prime?
True
Is 634643 a composite number?
False
Is 8329 composite?
False
Is 749237 composite?
False
Is 16817 a composite number?
True
Is 8587 a composite number?
True
Is 3713 a prime number?
False
Is 183761 a prime number?
True
Is 1876751 a composite number?
True
Is 212281 a composite number?
False
Is 140755 a composite number?
True
Is 19937 composite?
False
Is 70865 prime?
False
Is 5793 a composite number?
True
Is 121 a composite number?
True
Is 1003679 a prime number?
True
Is 257 a composite number?
False
Is 4662443 a prime number?
False
Is 16753 a prime number?
False
Is 10369 composite?
False
Is 22691 prime?
True
Is 2620491 composite?
True
Is 8269 composite?
False
Is 5579 a prime number?
False
Is 16619 a prime number?
True
Is 5606 composite?
True
Is 7233 prime?
False
Is 4963 prime?
False
Is 267517 a prime number?
True
Is 223697 a composite number?
False
Is 137729 composite?
True
Is 36677 composite?
False
Is 42739 a composite number?
True
Is 11317 a composite number?
False
Is 1067 a prime number?
False
Is 2321 composite?
True
Is 1193 composite?
False
Is 739 composite?
False
Is 17653 a prime number?
False
Is 726331 a composite number?
False
Is 5557 composite?
False
Is 55129 prime?
False
Is 69313 a composite number?
False
Is 392857 a prime number?
True
Is 90481 composite?
False
Is 49253 a composite number?
False
Is 8081 composite?
False
Is 22549 composite?
False
Is 25495 prime?
False
Is 2228237 a composite number?
True
Is 139589 prime?
True
Is 3309 prime?
False
Is 17863 a prime number?
True
Is 1456213 a composite number?
True
Is 77863 prime?
True
Is 195395 a prime number?
False
Is 563131 a composite number?
False
Is 15859 a composite number?
False
Is 19277 a prime number?
False
Is 22921 composite?
False
Is 47219 composite?
True
Is 7594 composite?
True
Is 21259 a composite number?
True
Is 192929 a prime number?
False
Is 130091 prime?
False
Is 452953 a composite number?
False
Is 36433 prime?
True
Is 407 a prime number?
False
Is 2293 prime?
True
Is 3845 a prime number?
False
Is 1087 prime?
True
Is 90989 prime?
True
Is 7283 a prime number?
True
Is 56591 a composite number?
False
Is 4621 composite?
False
Is 29371 composite?
True
Is 17441 a composite number?
True
Is 341249 a composite number?
True
Is 27689 prime?
True
Is 68633 prime?
True
Is 1910729 prime?
True
Is 14681 a composite number?
True
Is 35939 a composite number?
True
Is 13799 a prime number?
True
Is 2203 a composite n